0) - (-5)/25). Calculate the highest common factor of 50 and b.
25
Suppose 2*t - 7 = -7. Let g(f) = 7 + 6 - 4*f + 1. Let j be g(t). Calculate the greatest common factor of j and 14.
14
Let b(w) = -18*w + 666. Let n be b(0). What is the greatest common divisor of n and 36?
18
Let s(o) = -o**3 - 10*o**2 - 18*o - 10. Let h be s(-8). Let i be (-63)/15*5/(-1). Suppose -h = -a + i. Calculate the highest common factor of a and 135.
27
Let w = 265 - 230. What is the greatest common divisor of w and 15?
5
Let z = -26 + 117. Calculate the highest common divisor of 7 and z.
7
Let f be 300/20*2/3. What is the highest common factor of f and 290?
10
Let y be (10/10)/((-2)/(-10)). Calculate the greatest common divisor of 3 and y.
1
Let m(v) = -v**3 - 6*v**2 + 9*v - 6. Let n be m(-8). Let f be 480/n*20/6. Calculate the highest common factor of 256 and f.
32
Let x = 1056 - 888. What is the greatest common divisor of 70 and x?
14
Suppose 3*a + 3 = 0, -8*b + 4*a + 289 = -3*b. Let o(m) = m**2 - 19*m - 23. Let k be o(21). Calculate the greatest common divisor of b and k.
19
Suppose -34 = -w + 2*j, -3*j - 60 = -3*w + 33. Let d = w + 4. Let z be (1 - 3)*(7 - 9). What is the highest common divisor of d and z?
4
Suppose -2*b = -5*b + 3. Let r be b*2 - 79/1. Let w = -51 - r. What is the greatest common factor of w and 130?
26
Suppose k + 2 - 6 = -5*h, -26 = -3*k - h. Suppose -2*q = -g - 10, 3*g + 14 = 3*q - 1. Let z = g - -1. What is the greatest common divisor of k and z?
1
Suppose 39*b = 44*b - 2*l - 47, -4*l = -16. Suppose 2 = -2*p - 0. Let m be -1 - p - (-88)/2. What is the highest common divisor of b and m?
11
Suppose 16*o = -25*o + 23370. Calculate the greatest common factor of 90 and o.
30
Let v(q) = -6*q - 53. Let b be v(-9). Let o be b + (-2 - -3 - -18). Calculate the greatest common divisor of 20 and o.
20
Let t(o) = -2*o + 126*o**2 - 59*o**2 + 0*o + 3 - 54*o**2. Let s be t(2). What is the highest common factor of 17 and s?
17
Let y be (-140)/(-18) + (-4)/(-18). Let i = y + -7. Let k(m) = -m**3 - 15*m**2 - m - 7. Let q be k(-15). What is the highest common divisor of i and q?
1
Let h = 15 - -17. Suppose -4*q - h = -2*u + 4, 54 = 3*u - 3*q. What is the highest common factor of 54 and u?
18
Let s(f) = -18*f**3 + 3*f**2 + 5*f - 1. Let j be s(-2). Suppose j + 75 = 5*d - g, -d + 44 = -3*g. Calculate the highest common factor of d and 11.
11
Let r = 39 - 16. Suppose b + 3*i = 45 + r, -40 = -b + 4*i. Let n = 92 - 64. Calculate the greatest common divisor of n and b.
28
Suppose -3*z = -11*z + 1488. What is the highest common divisor of z and 3?
3
Let u = -3 - -9. Let m = 10 + -8. Suppose -m*i + 3 = -45. Calculate the highest common divisor of u and i.
6
Let o = -69 - -96. Let c(r) = 0*r**3 - 4*r + 2*r**2 - 5 + 5*r**2 - r**3. Let l be c(4). Calculate the greatest common factor of o and l.
27
Let k be -7*(-4 - -5) - -439. Calculate the greatest common divisor of k and 27.
27
Let o be 7371/105 - (-12)/(-10). What is the highest common divisor of 2829 and o?
69
Let c = -12 - -21. Suppose 2*p - c = 1. Let o = 43 + -33. What is the greatest common factor of o and p?
5
Suppose 2*x = -17 + 147. Let k be (6/4)/((-15)/(-50)). Let l be -1 - k/(15/(-42)). What is the highest common factor of x and l?
13
Let v(q) = q**3 + 5*q**2 - 11*q - 18. Let f be v(-5). What is the greatest common divisor of 4625 and f?
37
Let b be (-2 - -8 - 3)/(0 + 1). Let j = -71 - -86. Calculate the greatest common factor of j and b.
3
Suppose -3*b + 4 = -26. Let a(s) = 5 - 7*s + b + 13*s - s**2. Let d be a(7). Calculate the highest common factor of d and 1.
1
Let r = -21 + 29. Let g = r + 12. What is the greatest common divisor of 180 and g?
20
Suppose 0 = 5*h - 4*p - 8, -3*h - h - 4 = 2*p. Suppose h*b = 5*b. Suppose -2*r + 18 = -b*r. Calculate the greatest common factor of 9 and r.
9
Let w be (2 - (179 + 4)) + 1. Let g = 114 - w. What is the greatest common divisor of g and 42?
42
Let a be ((-22)/9)/((-142)/3834). Calculate the highest common factor of 242 and a.
22
Suppose -5*m + 3049 = t - 1878, 2*t + 6 = 0. Calculate the highest common divisor of m and 58.
58
Let c(d) = -d**3 + 6*d**2 + 3*d - 4. Let t be c(6). Let s be -1 + (1 - (1 - 3)). Let f be s - (1 - (2 + -1)). Calculate the highest common factor of t and f.
2
Let q = 2959 + -2839. What is the greatest common factor of 1740 and q?
60
Suppose 49*b + 5*n = 44*b + 110, 5*n = -3*b + 58. Suppose k - 84 = 5*i - 0*i, 5*k = -i + 524. What is the greatest common factor of b and k?
26
Let s be 3/6 - 55/(-10). Let i be (2 - 3)*3 + s. Suppose -y + 0 = -i. Calculate the highest common factor of y and 1.
1
Let d(r) = 8*r - 252. Let u be d(32). Calculate the highest common factor of 32 and u.
4
Suppose y - 15 - 12 = 0. What is the greatest common factor of y and 297?
27
Let u(q) = -q**2 + 16*q - 42. Let f be u(18). Let l = f + 82. What is the highest common divisor of 8 and l?
4
Let t be 11/6 - (-5 - 145/(-30)). Suppose t*i + l = -2*l + 81, 5*l = 2*i - 57. Calculate the greatest common divisor of i and 90.
18
Let k = -89 + 345. What is the highest common divisor of k and 32?
32
Let f = -21 - -117. Suppose n - f = 4*w, 5*w = -4*n - 127 + 553. Calculate the highest common divisor of n and 13.
13
Suppose -52 = -4*w - 2*i - 2*i, -4*w = 2*i - 54. Let y = -36 + 92. What is the highest common factor of y and w?
14
Suppose -183*p = -177*p + 330. Let m = 206 + -99. Let b = m + p. Calculate the highest common factor of 13 and b.
13
Let j = 545 - 470. Calculate the greatest common factor of j and 120.
15
Let f(w) = -6*w. Let x be f(-1). Let r(m) = 3*m. Let o(c) = -c**2 - 7*c - 4. Let t be o(-3). Let d be r(t). What is the highest common divisor of x and d?
6
Suppose 2*n - 3*b - 13 = 8, -2*n + 45 = 5*b. Suppose -16 + 241 = 5*f. What is the highest common divisor of n and f?
15
Let j = -1 - 0. Let f = j - -16. Let h(a) = 16*a**2 - 2*a + 1. Let s be h(1). Calculate the greatest common factor of s and f.
15
Let q(w) = -w**3 + 6*w**2 + 15*w + 39. Let d be q(8). What is the greatest common factor of d and 1116?
31
Let w = 762 + -492. Let q = 195 - 165. What is the greatest common factor of q and w?
30
Suppose -20 = 4*q, 3*q = 5*o + 5*q - 110. What is the highest common factor of o and 444?
12
Let h = 1630 - 1420. What is the highest common factor of 378 and h?
42
Let y = -469 + 2848. What is the greatest common divisor of 39 and y?
39
Suppose -12 = -3*o + 5*j + 12, -18 = -2*o + 4*j. Suppose -o*h + 76 = -h - 2*b, 4*h + 2*b - 128 = 0. What is the highest common divisor of h and 51?
17
Let l be (-5)/(200/(-32))*30/4. Let k be (-823)/(-5) + l + (-168)/30. What is the greatest common factor of k and 15?
15
Let h = 4 + 1. Suppose 4 = -h*p - 16. Let t be -1*(-3)/(-3)*p. What is the highest common factor of 40 and t?
4
Let m(y) = -y + 38. Let x be m(20). Suppose 5*s - 35 = -3*v, 2*s - 4 + 1 = v. Suppose -4 = -s*a + 32. What is the highest common divisor of x and a?
9
Let p(x) = x**3 - x**2. Let z be p(2). Let v = 3 + 5. Calculate the highest common factor of v and z.
4
Let z(u) = -3*u - 1. Let p be z(-1). Suppose 0 = 3*j - 6 + 15, -4*x + j + 11 = 0. Calculate the greatest common divisor of p and x.
2
Let t(x) = x**3 - 6*x**2 + 7*x - 3. Let l be t(6). Suppose 1121*u - 7371 = 1100*u. What is the greatest common factor of u and l?
39
Let h = 948 - 805. Calculate the greatest common factor of 156 and h.
13
Suppose 2*c + 0*c + 404 = 2*z, 2*z = -2*c + 396. Calculate the greatest common divisor of z and 160.
40
Let q be 4/7*294/28 - -4. What is the highest common factor of 130 and q?
10
Let p be 1 - (2 + -5)*6. Let c(u) = u**3 - 7*u**2 - u - 2. Let r be c(7). Let w be 3 + 31 + 3*(-12)/r. What is the greatest common divisor of p and w?
19
Let p = 795 - 462. Calculate the highest common divisor of p and 9.
9
Let q be (-1576)/(-14) + 54/126 + -3. What is the greatest common factor of q and 77?
11
Suppose 0*w = -5*b - 2*w + 757, 4*w + 147 = b. Suppose 39 = -5*u - 341. Let z = b + u. What is the greatest common divisor of z and 50?
25
Let x = -538 + 547. What is the greatest common factor of x and 387?
9
Suppose -34 = -3*t + 80. Let f(d) = -d + 29. Let w be (-21)/7*(48/(-9) - -2). Let l be f(w). What is the highest common factor of t and l?
19
Let a(l) = -45*l + 21. Let b be a(-7). Calculat